44.
2, 761
List the prime factors of 194.
2, 97
What are the prime factors of 89490?
2, 3, 5, 19, 157
What are the prime factors of 14845?
5, 2969
List the prime factors of 667.
23, 29
List the prime factors of 4478.
2, 2239
What are the prime factors of 39891?
3, 13297
List the prime factors of 1204.
2, 7, 43
What are the prime factors of 4556?
2, 17, 67
List the prime factors of 12800.
2, 5
List the prime factors of 751.
751
What are the prime factors of 43005?
3, 5, 47, 61
List the prime factors of 8904.
2, 3, 7, 53
What are the prime factors of 85890?
2, 3, 5, 7, 409
List the prime factors of 611.
13, 47
List the prime factors of 2561.
13, 197
What are the prime factors of 5113?
5113
List the prime factors of 1089.
3, 11
What are the prime factors of 6?
2, 3
What are the prime factors of 10755?
3, 5, 239
What are the prime factors of 7826?
2, 7, 13, 43
What are the prime factors of 4026?
2, 3, 11, 61
List the prime factors of 1153.
1153
What are the prime factors of 120?
2, 3, 5
What are the prime factors of 3392?
2, 53
What are the prime factors of 763?
7, 109
List the prime factors of 884.
2, 13, 17
List the prime factors of 184.
2, 23
What are the prime factors of 88985?
5, 13, 37
List the prime factors of 3579.
3, 1193
What are the prime factors of 2215?
5, 443
List the prime factors of 67.
67
List the prime factors of 97450.
2, 5, 1949
What are the prime factors of 169?
13
What are the prime factors of 30492?
2, 3, 7, 11
List the prime factors of 2786.
2, 7, 199
List the prime factors of 26414.
2, 47, 281
List the prime factors of 881.
881
List the prime factors of 7915.
5, 1583
List the prime factors of 82066.
2, 37, 1109
List the prime factors of 1079.
13, 83
List the prime factors of 356.
2, 89
What are the prime factors of 3596?
2, 29, 31
List the prime factors of 6802.
2, 19, 179
What are the prime factors of 17227?
7, 23, 107
List the prime factors of 652.
2, 163
List the prime factors of 701.
701
List the prime factors of 4744.
2, 593
What are the prime factors of 13901?
13901
What are the prime factors of 1146?
2, 3, 191
List the prime factors of 46624.
2, 31, 47
List the prime factors of 2922.
2, 3, 487
What are the prime factors of 71164?
2, 17791
What are the prime factors of 43180?
2, 5, 17, 127
What are the prime factors of 113888?
2, 3559
What are the prime factors of 6071?
13, 467
List the prime factors of 754.
2, 13, 29
List the prime factors of 576.
2, 3
What are the prime factors of 247?
13, 19
List the prime factors of 2399.
2399
List the prime factors of 384.
2, 3
What are the prime factors of 44472?
2, 3, 17, 109
What are the prime factors of 4756?
2, 29, 41
What are the prime factors of 52230?
2, 3, 5, 1741
What are the prime factors of 5018?
2, 13, 193
List the prime factors of 38936.
2, 31, 157
List the prime factors of 28929.
3, 9643
What are the prime factors of 2313?
3, 257
List the prime factors of 193.
193
List the prime factors of 3704.
2, 463
List the prime factors of 4844.
2, 7, 173
What are the prime factors of 3541?
3541
What are the prime factors of 3323?
3323
List the prime factors of 11768.
2, 1471
What are the prime factors of 9889?
11, 29, 31
List the prime factors of 946.
2, 11, 43
What are the prime factors of 1546?
2, 773
List the prime factors of 3891.
3, 1297
List the prime factors of 25874.
2, 17, 761
List the prime factors of 996.
2, 3, 83
What are the prime factors of 57665?
5, 19, 607
What are the prime factors of 1753?
1753
List the prime factors of 3140.
2, 5, 157
List the prime factors of 8977.
47, 191
List the prime factors of 8404.
2, 11, 191
What are the prime factors of 17777?
29, 613
List the prime factors of 1867.
1867
What are the prime factors of 223?
223
What are the prime factors of 51599?
51599
What are the prime factors of 434?
2, 7, 31
What are the prime factors of 1666?
2, 7, 17
What are the prime factors of 1370?
2, 5, 137
List the prime factors of 15002.
2, 13, 577
List the prime factors of 1071.
3, 7, 17
List the prime factors of 1924.
2, 13, 37
List the prime factors of 10003.
7, 1429
List the prime factors of 1943.
29, 67
List the prime factors of 1417.
13, 109
What are the prime factors of 1547?
7, 13, 17
List the prime factors of 7865.
5, 11, 13
List the prime factors of 7.
7
What are the prime factors of 18375?
3, 5, 7
List the prime factors of 2520.
2, 3, 5, 7
List the prime factors of 463.
463
List the prime factors of 5158.
2, 2579
What are the prime factors of 54963?
3, 31, 197
List the prime factors of 287.
7, 41
List the prime factors of 1675.
5, 67
What are the prime factors of 7505?
5, 19, 79
List the prime factors of 28975.
5, 19, 61
List the prime factors of 90124.
2, 22531
What are the prime factors of 39682?
2, 19841
List the prime factors of 997.
997
List the prime factors of 1402.
2, 701
What are the prime factors of 3683?
29, 127
What are the prime factors of 18158?
2, 7, 1297
List the prime factors of 718.
2, 359
List the prime factors of 799.
17, 47
List the prime factors of 94582.
2, 19, 131
List the prime factors of 81889.
17, 4817
List the prime factors of 47.
47
List the prime factors of 1237.
1237
List the prime factors of 31904.
2, 997
List the prime factors of 27860.
2, 5, 7, 199
What are the prime factors of 8784?
2, 3, 61
What are the prime factors of 46179?
3, 7, 733
What are the prime factors of 41439?
3, 19, 727
List the prime factors of 67332.
2, 3, 31, 181
List the prime factors of 7125.
3, 5, 19
List the prime factors of 553.
7, 79
List the prime factors of 3550.
2, 5, 71
What are the prime factors of 1508?
2, 13, 29
What are the prime factors of 576?
2, 3
List the prime factors of 15634.
2, 7817
What are the prime factors of 37596?
2, 3, 13, 241
What are the prime factors of 365?
5, 73
What are the prime factors of 2645?
5, 23
What are the prime factors of 719?
719
What are the prime factors of 6301?
6301
List the prime factors of 41524.
2, 7, 1483
List the prime factors of 3815.
5, 7, 109
List the prime factors of 2889.
3, 107
List the prime factors of 7359.
3, 11, 223
List the prime factors of 29075.
5, 1163
What are the prime factors of 7044?
2, 3, 587
List the prime factors of 10004.
2, 41, 61
List the prime factors of 24002.
2, 11, 1091
List the prime factors of 31667.
31667
List the prime factors of 7151.
7151
List the prime factors of 3020.
2, 5, 151
List the prime factors of 66327.
3, 22109
What are the prime factors of 24383?
37, 659
What are the prime factors of 127309?
7, 13, 1399
List the prime factors of 11085.
3, 5, 739
What are the prime factors of 2689?
2689
List the prime factors of 3341.
13, 257
List the prime factors of 75236.
2, 7, 2687
What are the prime factors of 47809?
47809
What are the prime factors of 2011?
2011
List the prime factors of 9473.
9473
List the prime factors of 5412.
2, 3, 11, 41
What are the prime factors of 1042?
2, 521
What are the prime factors of 46327?
46327
List the prime factors of 13945.
5, 2789
List the prime factors of 2236.
2, 13, 43
What are the prime factors of 25515?
3, 5, 7
What are the prime factors of 1573?
11, 13
List the prime factors of 4900.
2, 5, 7
What are the prime factors of 1958?
2, 11, 89
What are the prime factors of 1241?
17, 73
What are the prime factors of 18183?
3, 11, 19, 29
What are the prime factors of 1755?
3, 5, 13
List the prime factors of 11890.
2, 5, 29, 41
What are the prime factors of 526?
2, 263
List the prime factors of 609.
3, 7, 29
List the prime factors of 14454.
2, 3, 11, 73
List the prime factors of 10585.
5, 29, 73
What are the prime factors of 2353?
13, 181
List the prime factors of 21995.
5, 53, 83
What are the prime factors of 12884?
2, 3221
What are the prime factors of 2249?
13, 173
What are the prime factors of 30130?
2, 5, 23, 131
List the prime factors of 2124.
2, 3, 59
What are the prime factors of 309?
3, 103
List the prime factors of 8338.
2, 11, 379
List the prime factors of 4813.
4813
What are the prime factors of 86906?
2, 19, 2287
List the prime factors of 185378.
2, 59, 1571
What are the prime factors of 555?
3, 5, 37
What are the prime factors of 6648?
2, 3, 277
List the prime factors of 418.
2, 11, 19
What are the prime factors of 1245?
3, 5, 83
List the prime factors of 7571.
67, 113
List the prime factors of 79980.
2